factors of 8046557.
19, 423503
What are the prime factors of 140190?
2, 3, 5, 4673
What are the prime factors of 429785?
5, 43, 1999
What are the prime factors of 10563953?
17, 109, 5701
What are the prime factors of 1091296?
2, 67, 509
List the prime factors of 101231.
13, 599
List the prime factors of 1041636.
2, 3, 61, 1423
List the prime factors of 83494.
2, 109, 383
What are the prime factors of 34859?
11, 3169
List the prime factors of 958384.
2, 7, 43, 199
List the prime factors of 376670.
2, 5, 7, 5381
What are the prime factors of 6893536?
2, 13, 73, 227
List the prime factors of 5272730.
2, 5, 527273
List the prime factors of 347638.
2, 173819
List the prime factors of 118031.
17, 53, 131
List the prime factors of 923499.
3, 102611
List the prime factors of 252304.
2, 13, 1213
List the prime factors of 176831.
97, 1823
List the prime factors of 9181956.
2, 3, 7, 281, 389
List the prime factors of 1197816.
2, 3, 29, 1721
What are the prime factors of 276746?
2, 138373
List the prime factors of 130174.
2, 11, 61, 97
What are the prime factors of 836994?
2, 3, 199, 701
What are the prime factors of 541103?
191, 2833
What are the prime factors of 910586?
2, 109, 4177
List the prime factors of 6433060.
2, 5, 61, 5273
What are the prime factors of 10881?
3, 13, 31
What are the prime factors of 758280?
2, 3, 5, 71, 89
List the prime factors of 8980045.
5, 1796009
What are the prime factors of 4242485?
5, 13, 65269
List the prime factors of 23952946.
2, 11976473
List the prime factors of 22568356.
2, 541, 10429
List the prime factors of 3607139.
41, 97, 907
What are the prime factors of 374635?
5, 31, 2417
What are the prime factors of 1807910?
2, 5, 13, 13907
List the prime factors of 1399655.
5, 157, 1783
What are the prime factors of 78215?
5, 15643
What are the prime factors of 27203?
11, 2473
What are the prime factors of 248525?
5, 9941
List the prime factors of 606144.
2, 3, 7, 11, 41
What are the prime factors of 7171155?
3, 5, 37, 59, 73
What are the prime factors of 604644?
2, 3, 50387
List the prime factors of 853438.
2, 23, 18553
What are the prime factors of 38626905?
3, 5, 19, 135533
List the prime factors of 1214246.
2, 11, 97, 569
List the prime factors of 2444300.
2, 5, 24443
What are the prime factors of 1942916?
2, 485729
What are the prime factors of 5011284?
2, 3, 179, 2333
What are the prime factors of 1478444?
2, 11, 33601
What are the prime factors of 241897?
71, 3407
What are the prime factors of 20685810?
2, 3, 5, 101, 6827
List the prime factors of 31639155.
3, 5, 2109277
What are the prime factors of 2963751?
3, 7, 141131
List the prime factors of 7066764.
2, 3, 17, 1283
What are the prime factors of 511225?
5, 11, 13
What are the prime factors of 11798424?
2, 3, 11, 14897
List the prime factors of 193944.
2, 3, 8081
What are the prime factors of 1478131?
421, 3511
List the prime factors of 114950.
2, 5, 11, 19
List the prime factors of 25508.
2, 7, 911
What are the prime factors of 1385411?
1385411
List the prime factors of 24804549.
3, 7, 11, 41, 97
List the prime factors of 1099180.
2, 5, 54959
What are the prime factors of 1006722?
2, 3, 103, 181
List the prime factors of 626943.
3, 17, 19, 647
List the prime factors of 6753340.
2, 5, 11, 30697
List the prime factors of 408800.
2, 5, 7, 73
List the prime factors of 2127364.
2, 531841
What are the prime factors of 14441520?
2, 3, 5, 19, 3167
What are the prime factors of 19469977?
19469977
What are the prime factors of 1933837?
1933837
What are the prime factors of 3480940?
2, 5, 174047
What are the prime factors of 110693?
11, 29, 347
What are the prime factors of 318791?
11, 73, 397
What are the prime factors of 35605947?
3, 13, 912973
What are the prime factors of 5205168?
2, 3, 12049
List the prime factors of 2003568.
2, 3, 7, 67, 89
List the prime factors of 23250376.
2, 19, 151, 1013
What are the prime factors of 69362?
2, 79, 439
List the prime factors of 4067169.
3, 31, 101, 433
List the prime factors of 5092427.
137, 37171
List the prime factors of 727958.
2, 7, 11, 29, 163
List the prime factors of 9491366.
2, 4745683
List the prime factors of 1715560.
2, 5, 7, 11, 557
What are the prime factors of 8697591?
3, 7, 17, 2707
List the prime factors of 687628.
2, 103, 1669
List the prime factors of 11911648.
2, 7, 41, 1297
List the prime factors of 5599894.
2, 2799947
List the prime factors of 1065956.
2, 266489
List the prime factors of 5688928.
2, 7, 109, 233
List the prime factors of 152479.
41, 3719
List the prime factors of 1476874.
2, 7, 105491
What are the prime factors of 4546359?
3, 29, 17419
List the prime factors of 185152.
2, 11, 263
List the prime factors of 2562043.
11, 89, 2617
List the prime factors of 373537.
107, 3491
List the prime factors of 8438718.
2, 3, 1406453
List the prime factors of 6570550.
2, 5, 7, 18773
What are the prime factors of 9535776?
2, 3, 17, 5843
What are the prime factors of 1816446?
2, 3, 131, 2311
What are the prime factors of 26152?
2, 7, 467
List the prime factors of 1706723.
1049, 1627
What are the prime factors of 3351017?
877, 3821
List the prime factors of 17664171.
3, 7, 131, 6421
List the prime factors of 14234862.
2, 3, 37, 1733
List the prime factors of 14876893.
14876893
List the prime factors of 903797.
739, 1223
List the prime factors of 828853.
443, 1871
What are the prime factors of 69100?
2, 5, 691
What are the prime factors of 3283674?
2, 3, 617, 887
List the prime factors of 2414113.
13, 233, 797
What are the prime factors of 1007419?
7, 71, 2027
List the prime factors of 189382.
2, 23, 179
What are the prime factors of 773120?
2, 5, 151
List the prime factors of 2246444.
2, 79, 7109
List the prime factors of 1102491.
3, 13, 349
List the prime factors of 4481031.
3, 1493677
What are the prime factors of 443055?
3, 5, 29537
What are the prime factors of 533917?
199, 2683
List the prime factors of 423695.
5, 101, 839
What are the prime factors of 171754?
2, 11, 37, 211
What are the prime factors of 2342528?
2, 18301
What are the prime factors of 16634994?
2, 3, 19, 337, 433
What are the prime factors of 4773275?
5, 13, 19, 773
What are the prime factors of 6973129?
6973129
What are the prime factors of 6614803?
13, 239, 2129
List the prime factors of 5374861.
5374861
What are the prime factors of 11213387?
17, 659611
List the prime factors of 222804.
2, 3, 2063
List the prime factors of 249393.
3, 59, 1409
What are the prime factors of 129471?
3, 103, 419
List the prime factors of 94206.
2, 3, 7, 2243
List the prime factors of 6484330.
2, 5, 648433
List the prime factors of 1360979.
23, 47, 1259
List the prime factors of 77591.
77591
What are the prime factors of 147739?
147739
What are the prime factors of 993076?
2, 7, 29, 1223
What are the prime factors of 18920089?
18920089
List the prime factors of 1154477.
67, 17231
What are the prime factors of 7644119?
7, 23, 79, 601
What are the prime factors of 4175298?
2, 3, 231961
What are the prime factors of 2544051?
3, 848017
What are the prime factors of 46308?
2, 3, 17, 227
What are the prime factors of 27110317?
13, 2085409
What are the prime factors of 1614936?
2, 3, 67289
List the prime factors of 12634006.
2, 7, 11, 82039
List the prime factors of 16934304.
2, 3, 419, 421
List the prime factors of 3728685.
3, 5, 248579
List the prime factors of 2128608.
2, 3, 19, 389
List the prime factors of 5579720.
2, 5, 139493
What are the prime factors of 5072578?
2, 7, 191, 271
What are the prime factors of 1666567?
7, 238081
List the prime factors of 4050391.
457, 8863
What are the prime factors of 1470246?
2, 3, 317, 773
List the prime factors of 4476250.
2, 5, 3581
What are the prime factors of 5593241?
5593241
What are the prime factors of 268672?
2, 2099
What are the prime factors of 1021603?
11, 8443
List the prime factors of 7029668.
2, 1757417
What are the prime factors of 174036?
2, 3, 14503
What are the prime factors of 882240?
2, 3, 5, 919
What are the prime factors of 18482543?
607, 30449
List the prime factors of 11462128.
2, 716383
List the prime factors of 88053.
3, 7, 599
What are the prime factors of 4269266?
2, 2134633
List the prime factors of 8145608.
2, 1018201
List the prime factors of 900877.
683, 1319
What are the prime factor